ase 9) to base 7
1044135
Convert -13002112200 (base 4) to base 8.
-7022640
Convert -2210313020 (base 4) to base 11.
-421384
47401 (base 9) to base 14
b784
Convert e678 (base 15) to base 16.
be49
5564212 (base 8) to base 5
341020242
-2513524 (base 6) to base 3
-20211021021
-10000110110001101110 (base 2) to base 7
-4456315
120002533 (base 6) to base 3
11012210212110
Convert 10309818 (base 10) to base 8.
47250272
Convert -10222011102 (base 3) to base 10.
-78122
-10412011 (base 7) to base 6
-31054134
1283119 (base 10) to base 12
51a667
-3b0912 (base 14) to base 8
-7614104
Convert 6e9e6b (base 16) to base 8.
33517153
101110111000100100101 (base 2) to base 16
177125
Convert -48039 (base 15) to base 8.
-700262
-ce076 (base 15) to base 3
-1020021022010
What is -337a44 (base 15) in base 5?
-1112042224
Convert -1819715 (base 10) to base 16.
-1bc443
What is -13301201 (base 6) in base 10?
-443521
What is 4211466 (base 7) in base 15?
a0433
13232005 (base 10) to base 7
220320163
What is -110101110010111011 (base 2) in base 4?
-311302323
a356a1 (base 13) to base 10
3810743
26683 (base 9) to base 10
18057
-542a1 (base 11) to base 12
-39796
6c1f (base 16) to base 14
a131
What is -35140151 (base 6) in base 14?
-203b59
Convert 90d37 (base 14) to base 3.
122200211112
-37095e (base 15) to base 16
-283376
-148336 (base 14) to base 8
-2562534
Convert -584964 (base 11) to base 10.
-928866
What is -3927191 (base 10) in base 2?
-1110111110110010010111
Convert -21021202222 (base 3) to base 5.
-14042300
44808 (base 9) to base 11
20446
Convert -14236 (base 12) to base 2.
-110110101001010
Convert -112121001221100 (base 3) to base 8.
-35455343
Convert -c3650 (base 13) to base 5.
-42203102
What is -673246 (base 8) in base 12?
-ab432
What is 100110110010110100001 (base 2) in base 14?
2513a1
101111000101010001000 (base 2) to base 16
178a88
What is -10011101011000001111000 (base 2) in base 11?
-2a02578
Convert -964e4 (base 15) to base 3.
-220020022021
What is 43535043 (base 6) in base 11?
81044a
What is 14b961 (base 12) in base 9?
586051
22959 (base 10) to base 12
11353
-7762231 (base 9) to base 11
-23a135a
Convert -16310452 (base 7) to base 5.
-401114432
Convert 4003010 (base 5) to base 4.
33112200
What is 2202133 (base 5) in base 11?
26438
What is 124201030 (base 5) in base 14?
120593
What is 11b22a (base 13) in base 4?
1213213023
What is -20203002 (base 4) in base 3?
-1210000200
254103434 (base 6) to base 4
102321200032
-83204 (base 13) to base 16
-3979d
Convert -1df0b (base 16) to base 9.
-206201
-1946b (base 13) to base 9
-74314
What is -189010 (base 15) in base 4?
-10203230031
-11110212 (base 4) to base 3
-1002220100
-6630625 (base 7) to base 16
-c6cac
Convert -14244332 (base 5) to base 4.
-210213033
What is 779438 (base 10) in base 9?
1417162
What is 1957551 (base 10) in base 6?
105542423
Convert -63064 (base 7) to base 5.
-443411
202111201 (base 3) to base 12
879a
-213221103 (base 4) to base 8
-475123
-1846c (base 16) to base 11
-68787
-3136210 (base 9) to base 6
-55542400
89293 (base 12) to base 11
114689
Convert -306206 (base 9) to base 6.
-3521053
What is -1504550 (base 7) in base 11?
-129851
Convert -20545145 (base 6) to base 15.
-be43b
Convert 9461 (base 14) to base 5.
1304230
What is -100212001102 (base 3) in base 13?
-6a385
Convert 3500752 (base 10) to base 11.
1a81192
What is 221133003 (base 4) in base 12?
82403
273595 (base 12) to base 3
1012222000212
Convert -3585b (base 15) to base 7.
-1310324
What is -74082 (base 9) in base 6?
-1014245
Convert -3677676 (base 10) to base 3.
-20220211211020
What is 32110130 (base 4) in base 6?
1131312
What is 4260653 (base 7) in base 3?
222100212022
Convert -267261 (base 10) to base 7.
-2162121
6b3a3 (base 15) to base 3
122100201200
What is -128105 (base 9) in base 10?
-78089
Convert 3c2360 (base 15) to base 11.
16a6728
-7793c1 (base 16) to base 13
-1814c61
-159ba2 (base 12) to base 4
-1122101222
Convert 308a (base 11) to base 5.
112331
3c36a4 (base 13) to base 9
2671635
Convert -1bef6 (base 16) to base 3.
-12210221212
-5108063 (base 10) to base 3
-100121111221112
What is -262404 (base 8) in base 6?
-1543044
Convert 101001000101001001 (base 2) to base 8.
510511
What is -1813b (base 14) in base 8?
-166311
What is -158de4 (base 15) in base 11?
-652394
What is 53002330 (base 6) in base 5?
343241311
What is 191d13 (base 16) in base 3?
10002121200011
100101111222 (base 3) to base 7
1366550
Convert 1b5519 (base 12) to base 16.
76ba5
Convert -30b918 (base 12) to base 7.
-6342425
-5e4c (base 16) to base 9
-36102
Convert 4541431 (base 6) to base 2.
111000011010011011
Convert 23211020120 (base 4) to base 14.
59041a
What is -128d74 (base 14) in base 10?
-639258
102230133202 (base 4) to base 7
56441101
-534b2 (base 12) to base 8
-326006
22111012210021 (base 3) to base 2
10001001101011110001010
Convert 14155343 (base 6) to base 2.
1110101101011101111
What is 344f7 (base 16) in base 9?
355820
22665755 (base 8) to base 10
4942829
21211 (base 7) to base 4
1102003
Convert -366202 (base 8) to base 16.
-1ec82
What is 7a4225 (base 11) in base 4?
10320112000
120323213010 (base 4) to base 16
63b9c4
What is 23243022 (base 5) in base 9?
353146
-34c7c48 (base 13) to base 9
-33642705
Convert -1ab4b (base 12) to base 2.
-1001101011101011
10345251 (base 6) to base 10
309631
212211101000 (base 3) to base 12
1a7509
-53203 (base 13) to base 14
-3c7d7
-2a89491 (base 13) to base 6
-1203455111
13499c (base 15) to base 8
3422312
-12631142 (base 8) to base 9
-5284285
347b7 (base 13) to base 6
2015312
What is 858b27 (base 13) in base 10?
3132617
2155306 (base 7) to base 14
6cd06
153513 (base 7) to base 15
8db6
4353453 (base 7) to base 12
219239
What is e7838 (base 15) in base 2?
10110011010000010100
1106400 (base 7) to base 10
136710
What is 19b506 (base 14) in base 7?
10526606
Convert 534281 (base 9) to base 16.
4da7f
What is -1034614 (base 7) in base 13?
-45790
What is 244424224 (base 6) in base 7?
54644230
100000100001001011 (base 2) to base 14
3677d
What is 4237149 (base 12) in base 6?
1124132533
What is 1220221021 (base 3) in base 12?
19ab1
Convert -2201222 (base 3) to base 11.
-1556
Convert 1161440 (base 8) to base 3.
121021100112
26263 (base 11) to base 3
1220112211
What is -a94a95 (base 11) in base 8?
-6527665
Convert 100000100011011110110 (base 2) to base 7.
12032015
What is 3731 (base 16) in base 3?
201101022
-3608c (base 13) to base 2
-11000001010100101
-2254536 (base 9) to base 12
-4a8443
Convert 2531131 (base 7) to base 10.
326950
Convert -1112011002022 (base 3) to base 14.
-17127b
What is -100000000001101010 (base 2) in base 8?
-400152
132403134 (base 6) to base 13
717928
What is -32613 (base 15) in base 4?
-213003321
Convert 135a3a (base 11) to base 12.
a3242
What is 20121102221 (base 3) in base 7?
1051153
13451777 (base 8) to base 10
3036159
Convert -12002112201 (base 4) to base 3.
-2222101210000
-1530202 (base 6) to base 10
-89498
Convert -44448 (base 10) to base 13.
-17301
1100011001011000101 (base 2) to base 3
202122012221
What is -78353 (base 11) in base 12?
-55870
162547 (base 8) to base 14
1758b
-1001000110101110 (base 2) to base 5
-2143134
Convert -24600 (base 9) to base 4.
-10002030
What is -1d3082 (base 15) in base 11?
-895762
Convert -4256623 (base 9) to base 12.
-920410
Convert -675497 (base 16) to base 6.
-401051115
-1577 (base 9) to base 6
-5324
Convert 343431 (base 14) to base 3.
10100020111000
Convert 5f397 (base 16) to base 9.
654026
What is -25a9 (base 12) in base 11?
-3264
-102000112111 (base 3) to base 15
-44404
Convert 101000000100110110010 (base 2) to base 13.
36c957
Convert -3133333 (base 5) to base 2.
-1100110001110111
505643 (base 7) to base 14
23523
-10044c (base 13) to base 11
-234572
Convert 276959 (base 13) to base 12.
3a1ba2
What is 15149 (base 14) in base 15?
107d2
-2203011 (base 4) to base 3
-112022120
-33fa2e (base 16) to base 5
-1333001012
Convert 4937c9 (base 16) to base 11.
2788130
Convert 20201222111 (base 3) to base 14.
364c0
Convert -2202122100211 (base 3) to base 10.
-1469200
760153 (base 9) to base 13
12b169
Convert 9454849 (base 10) to base 14.
1381905
What is -11121122011 (base 3) in base 10?
-90859
Convert 35a07d (base 14) to base 4.
12333202033
What is -200341240 (base 5) in base 2?
-110000011010111